s**2 - 3*s - 59. Determine f(-18).
-5
Let g(a) = a**2 - 4*a - 14. Calculate g(6).
-2
Let l(u) = u**2 + 8*u - 5. Give l(-8).
-5
Let z(r) = 16*r + 31. Determine z(-6).
-65
Let f(v) = -v**3 - 6*v**2 - 7*v - 7. Calculate f(-5).
3
Let u(b) = b**3 - b - 1. Calculate u(2).
5
Let a(l) = 15*l - 100. Determine a(6).
-10
Let r(m) = -4*m. Give r(1).
-4
Let x(l) = 15*l - 47. Determine x(5).
28
Let c(h) = -h**3 - 26*h**2 + 27*h - 6. Determine c(-27).
-6
Let t(p) = -4*p - 6. Give t(-10).
34
Let s(x) = -x**2 + 10*x - 23. Give s(7).
-2
Let w(h) = 2*h**3 - 5*h**2 + 2*h + 6. What is w(3)?
21
Let d(c) = 67*c. Calculate d(-1).
-67
Let z(m) = m**2 - 1. Determine z(-3).
8
Let v(x) = x - 59. Give v(10).
-49
Let o(w) = -2*w - 3. Give o(3).
-9
Let d(k) = -16*k + 343. Calculate d(21).
7
Let s(x) = 5*x**3 - 13*x**2 + 7*x - 9. Calculate s(3).
30
Let f(b) = -6*b**2 - 60*b + 2. Give f(-10).
2
Let s(v) = -5*v + 118. Calculate s(22).
8
Let m(g) = g**3 - 8*g**2 - 10*g + 8. Determine m(9).
-1
Let v(q) = q + 4. Determine v(-11).
-7
Let f(d) = 8*d + 8. What is f(-2)?
-8
Let r(d) = -d**3 - 6*d**2 + 5*d + 6. Calculate r(-7).
20
Let c(n) = -n**3 + 4*n**2 - 3*n - 2. Give c(3).
-2
Let p(n) = -n + 7. Determine p(5).
2
Let x(w) = 4*w**2 + w + 3. What is x(3)?
42
Let z(j) = -4*j**3 + 3*j**2 + 4*j + 2. What is z(-2)?
38
Let p(z) = -10*z**2 + 13*z + 29. Calculate p(-2).
-37
Let x(l) = -l**2 - 115*l + 230. What is x(2)?
-4
Let v(z) = 23*z**2 + 2*z - 4. What is v(1)?
21
Let q(k) = 10*k**2 + 2*k. Determine q(2).
44
Let z(d) = -d**3 - 11*d**2 + 14*d + 12. What is z(-12)?
-12
Let l(c) = 22*c - 80. Give l(3).
-14
Let f(o) = -2*o**2 + 1. Calculate f(1).
-1
Let g(k) = -k**2 + 16*k - 67. What is g(5)?
-12
Let x(d) = 3*d**2 + 20*d - 6. Calculate x(-7).
1
Let s(i) = 2*i**2 - i + 1. Give s(2).
7
Let w(u) = u**3 - 9*u**2 + 14*u - 6. Determine w(6).
-30
Let p(v) = -v + 9. Determine p(15).
-6
Let y(v) = 2*v**3 - 3*v**2 + 2. What is y(2)?
6
Let l(d) = 125*d - 256. Calculate l(2).
-6
Let v(o) = -163*o - 975. Calculate v(-6).
3
Let r(d) = 7*d - 125. Give r(18).
1
Let k(o) = 64*o - 25. Calculate k(2).
103
Let y(s) = -s**3 - 29*s**2 - 2*s - 54. What is y(-29)?
4
Let r(t) = -2*t**3 - t**2 + t - 3. Calculate r(2).
-21
Let c(r) = 24*r - 76. What is c(3)?
-4
Let u(t) = 7*t - 131. What is u(18)?
-5
Let t(d) = -d**3 - 16*d**2 - 14*d + 25. Give t(-15).
10
Let b(t) = -15*t**2 + 30*t - 3. Calculate b(2).
-3
Let j(k) = 5*k**2 - 1. Give j(-3).
44
Let v(a) = -7*a + 6. What is v(3)?
-15
Let j(t) = t**3 - t**2 - 5*t - 1. What is j(3)?
2
Let s(k) = k**3 + 13*k**2 + 20*k - 6. What is s(-3)?
24
Let m(p) = p**3 - 9*p**2 + 2*p - 11. Calculate m(9).
7
Let m(g) = g**2 - 4*g - 13. What is m(7)?
8
Let a(q) = -18*q**2 - 73*q + 5. What is a(-4)?
9
Let i(b) = 5*b + 2. What is i(-9)?
-43
Let r(x) = x**2 - 18*x - 45. Calculate r(-2).
-5
Let h(z) = 45*z + 1. Calculate h(-2).
-89
Let k(p) = -8*p. Determine k(-9).
72
Let x(q) = -9*q - 4. Give x(-3).
23
Let n(k) = k**3 - 13*k**2 + 24*k - 28. Calculate n(11).
-6
Let u(v) = -3*v + 12. Give u(15).
-33
Let a(b) = 2*b - 7. Give a(-4).
-15
Let i(s) = -s**3 - 13*s**2 + 14*s + 6. Calculate i(-14).
6
Let o(n) = -n**2 + 26*n - 120. Give o(20).
0
Let w(m) = -4*m - 3. What is w(-4)?
13
Let f(j) = -21*j + 16. Calculate f(2).
-26
Let k(w) = w**3 + 8*w**2 - 9*w + 19. Calculate k(-9).
19
Let l(z) = -2*z + 120. What is l(33)?
54
Let i(h) = -49*h + 52. Determine i(1).
3
Let c(b) = b - 3. Calculate c(5).
2
Let t(i) = i - 4. Determine t(4).
0
Let v(m) = -m**2 - 18*m + 5. What is v(-19)?
-14
Let u(l) = -19*l - 4. Calculate u(3).
-61
Let q(z) = z**3 - 33*z**2 + 30*z + 103. Determine q(32).
39
Let b(i) = 5*i - 48. What is b(7)?
-13
Let v(q) = -q**3 - 8*q**2 - q + 6. What is v(-8)?
14
Let g(z) = z**2 + 25*z + 31. Calculate g(-23).
-15
Let r(l) = -l**2 - 7*l + 18. Calculate r(-14).
-80
Let v(z) = z**3 - 19*z**2 + 26*z - 17. Calculate v(18).
127
Let s(f) = -f - 17. Calculate s(-2).
-15
Let l(c) = 128*c - 1. Calculate l(-1).
-129
Let x(h) = -h**3 - 20*h**2 + 45*h + 30. What is x(-22)?
8
Let i(s) = s**3 + 19*s**2 + 18*s - 21. Determine i(-18).
-21
Let b(y) = y**2 - 14*y - 14. Give b(15).
1
Let i(g) = g + 14. Determine i(-7).
7
Let u(v) = 2*v + 2. Give u(-12).
-22
Let c(i) = 4*i**2 - 5*i + 5. Calculate c(3).
26
Let o(i) = -2*i**2 + 17*i - 20. What is o(5)?
15
Let d(o) = -5*o**2 + 25*o + 7. What is d(5)?
7
Let v(m) = m**3 + 2*m**2 - 6*m - 9. Determine v(-3).
0
Let s(x) = 23*x - 32. Give s(6).
106
Let j(r) = 62*r - 2296. Give j(37).
-2
Let u(l) = l + 6. Determine u(-5).
1
Let q(r) = -r**3 + r + 2. Determine q(3).
-22
Let p(b) = 2*b**2 + 7*b - 32. Determine p(3).
7
Let d(v) = v**3 - 11*v**2 - 11*v - 21. Determine d(12).
-9
Let u(n) = 2*n**3 - 82*n**2 + 2*n - 58. Determine u(41).
24
Let y(g) = -3*g - 6. Give y(0).
-6
Let x(k) = -3*k**3 - 2*k - 1. Calculate x(-2).
27
Let n(x) = -60*x - 21. What is n(-2)?
99
Let s(c) = c**2 + 3*c - 42. Give s(-8).
-2
Let j(d) = -3*d**3 - 2*d**2 + 2*d + 3. Give j(-2).
15
Let w(t) = 2*t**3 + 24*t**2 - 2. Calculate w(-12).
-2
Let l(m) = m + 22. Calculate l(-20).
2
Let x(k) = -k**2 - 18*k - 32. What is x(-11)?
45
Let s(i) = -3*i - 4. Calculate s(14).
-46
Let p(d) = d**3 - 22*d**2 + 6*d - 121. Calculate p(22).
11
Let x(s) = s**3 + 20*s**2 - 43*s + 12. Determine x(-22).
-10
Let w(k) = 4*k**2 - 14*k - 13. Give w(4).
-5
Let u(d) = -d**3 + 15*d**2 + 17*d - 11. Give u(16).
5
Let b(v) = -2*v + 10. Calculate b(12).
-14
Let j(x) = -3*x - 25. What is j(-17)?
26
Let o(p) = -2*p**3 - 4*p**2 - 4*p - 1. What is o(-3)?
29
Let l(r) = -2*r + 7. What is l(4)?
-1
Let h(i) = -i**2 - 24*i - 40. Give h(-22).
4
Let n(h) = h**3 + 3*h**2 - 4*h + 5. Determine n(-5).
-25
Let u(s) = -s**2 + 5*s + 16. Determine u(7).
2
Let k(f) = f**2 - f + 1. Determine k(4).
13
Let u(s) = -3*s**3 + 5*s**2 - 2*s + 4. Determine u(3).
-38
Let d(b) = -b**2 + 2*b + 3. What is d(3)?
0
Let m(t) = 14*t**2 - 5*t - 7. What is m(-2)?
59
Let c(q) = q**2 - 6*q - 8. Give c(14).
104
Let c(d) = -d**3 + 13*d**2 - 9*d - 41. What is c(12)?
-5
Let t(k) = -k**2 - 10*k - 9. Calculate t(-12).
-33
Let q(u) = -u**3 + 5*u**2 - 5*u + 6. What is q(6)?
-60
Let j(v) = -v**2 + 10*v - 13. What is j(9)?
-4
Let c(k) = k**2 + 13*k - 9. What is c(-11)?
-31
Let c(n) = n - 3. Determine c(3).
0
Let s(h) = 9*h**2 - 7*h - 7. What is s(-2)?
43
Let s(u) = -u**2 - 28*u - 131. Determine s(-18).
49
Let b(i) = i**3 - 5*i**2 - 8*i - 13. Give b(7).
29
Let v(h) = 11*h**2 + 7*h + 5. What is v(-2)?
35
Let i(o) = -o**3 - 17*o**2 + 18*o - 7. Give i(-18).
-7
Let d(o) = 3*o. What is d(1)?
3
Let u(p) = 2*p**3 - 56*p**2 + 2. What is u(28)?
2
Let q(p) = p**2 - 15*p + 27. Give q(12).
-9
Let t(a) = 7*a**2 + 3*a - 3. Calculate t(1).
7
Let q(s) = 3*s + 10. Calculate q(-19).
-47
Let c(g) = 3*g**2 + 2*g. What is c(-3)?
21
Let w(h) = h**3 - 7*h**2 - 15*h - 13. Calculate w(9).
14
Let l(c) = -3*c**2 + 2*c - 11. What is l(-7)?
-172
Let z(x) = -92*x - 734. Determine z(-8).
2
Let a(i) = -i**3 - 5*i**2 - 3*i - 7. Calculate a(-5).
8
Let t(n) = -n**2 + 2*n + 3. Determine t(3).
0
Let c(r) = -r**2 + 2*r - 11. Calculate c(6).
-35
Let q(m) = -28*m - 6. What is q(-1)?
22
Let x(i) = 50*i + 199. Determine x(-4).
-1
Let w(b) = -b**2 + 31*b + 28. Calculate w(32).
-4
Let l(a) = 9*a - 132. Calculate l(14).
-6
Let j(m) = -8*m - 114. Determine j(-14).
-2
Let f(s) = -2*s**3 + 21*s**2 - 5*s - 21. Calculate f(10).
29
Let o(c) = 2*c**2 - 8*c - 16. Determine o(5).
-6
Let j(f) = -f**2 + 2*f - 2. Give j(1).
-1
Let s(j) = -j**2 - 16*j - 26. Determine s(-14).
2
Let s(w) = w**3 + 16*w**2 + 15*w - 9. What is s(-15)?
-9
Let m(k) = k**2 - 15*k + 11. Calculate m(14).
-3
Let u(g) = 143*g - 861. Give u(6).
-3
Let n(x) = 202*x**3 + x**2 + 2*x + 2. Calculate n(-1).
-201
Let q(p) = -p**2 + 6*p - 6. Calculate q(4).
2
Let m(z) = -4*z - 63. What is m(-8)?
-31
Let y(j) = -j**2 - 10*j + 19. Determine y(-12).
-5
Let f(c) = -5*c + 19. What is f(4)?
-1
Let w(k) = 7*k + 26. Give w(-4).
-2
Let k(u) = -u**2 - 23*u - 120. Give k(-16).
-8
Let v(g) = 2*g**3 + 19*g**2 + 12*g + 20. Calculate v(-9).
-7
Let j(g) = -2*g - 5. Determine j(-3).
1
Let h(t) = -2*t**2 + 89*t - 461. Calculate h(6).
1
Let c(s) = -3*s + 3. Calculate c(7).
-18
Let q(h) = -23*h + 6. Give q(2).
-40
Let o(s) = -s**2 - 15*s. Determine o(-15).
0
Let p(i) = -22*i - 16. Calculate p(0).
-16
